tors of 200.
2, 5
List the prime factors of 2080.
2, 5, 13
List the prime factors of 1820.
2, 5, 7, 13
What are the prime factors of 1642?
2, 821
List the prime factors of 56569.
56569
List the prime factors of 601.
601
List the prime factors of 222.
2, 3, 37
What are the prime factors of 18984?
2, 3, 7, 113
List the prime factors of 14583.
3, 4861
List the prime factors of 787.
787
What are the prime factors of 5112?
2, 3, 71
List the prime factors of 7944.
2, 3, 331
List the prime factors of 4307.
59, 73
What are the prime factors of 37680?
2, 3, 5, 157
What are the prime factors of 447?
3, 149
What are the prime factors of 4323?
3, 11, 131
List the prime factors of 23918.
2, 11959
What are the prime factors of 1937?
13, 149
List the prime factors of 25364.
2, 17, 373
List the prime factors of 2828.
2, 7, 101
List the prime factors of 17328.
2, 3, 19
List the prime factors of 1342.
2, 11, 61
What are the prime factors of 66783?
3, 113, 197
What are the prime factors of 4636?
2, 19, 61
What are the prime factors of 1712?
2, 107
What are the prime factors of 8621?
37, 233
What are the prime factors of 23589?
3, 2621
What are the prime factors of 2483?
13, 191
What are the prime factors of 1422?
2, 3, 79
List the prime factors of 63205.
5, 12641
List the prime factors of 1061.
1061
List the prime factors of 18740.
2, 5, 937
List the prime factors of 6953.
17, 409
What are the prime factors of 1097?
1097
What are the prime factors of 3772?
2, 23, 41
What are the prime factors of 1073?
29, 37
What are the prime factors of 18445?
5, 7, 17, 31
List the prime factors of 63145.
5, 73, 173
List the prime factors of 64665.
3, 5, 479
What are the prime factors of 945?
3, 5, 7
List the prime factors of 762.
2, 3, 127
What are the prime factors of 1063?
1063
What are the prime factors of 2428?
2, 607
List the prime factors of 21250.
2, 5, 17
What are the prime factors of 727?
727
What are the prime factors of 2240?
2, 5, 7
What are the prime factors of 50376?
2, 3, 2099
List the prime factors of 4029.
3, 17, 79
List the prime factors of 3594.
2, 3, 599
What are the prime factors of 1386?
2, 3, 7, 11
What are the prime factors of 18370?
2, 5, 11, 167
What are the prime factors of 124240?
2, 5, 1553
What are the prime factors of 889?
7, 127
List the prime factors of 49743.
3, 5527
What are the prime factors of 1979?
1979
What are the prime factors of 22765?
5, 29, 157
List the prime factors of 1861.
1861
List the prime factors of 19145.
5, 7, 547
What are the prime factors of 3404?
2, 23, 37
List the prime factors of 50032.
2, 53, 59
List the prime factors of 7094.
2, 3547
What are the prime factors of 45076?
2, 59, 191
List the prime factors of 2794.
2, 11, 127
List the prime factors of 771.
3, 257
What are the prime factors of 117592?
2, 14699
List the prime factors of 28.
2, 7
List the prime factors of 2008.
2, 251
List the prime factors of 22779.
3, 2531
List the prime factors of 3183.
3, 1061
List the prime factors of 5547.
3, 43
What are the prime factors of 37139?
37139
What are the prime factors of 1266?
2, 3, 211
List the prime factors of 8932.
2, 7, 11, 29
List the prime factors of 145166.
2, 7, 10369
What are the prime factors of 12910?
2, 5, 1291
What are the prime factors of 2216?
2, 277
List the prime factors of 57030.
2, 3, 5, 1901
What are the prime factors of 86237?
83, 1039
List the prime factors of 944.
2, 59
What are the prime factors of 17710?
2, 5, 7, 11, 23
List the prime factors of 4269.
3, 1423
List the prime factors of 19437.
3, 11, 19, 31
List the prime factors of 16150.
2, 5, 17, 19
What are the prime factors of 47046?
2, 3, 7841
List the prime factors of 5529.
3, 19, 97
List the prime factors of 159554.
2, 79777
What are the prime factors of 6356?
2, 7, 227
What are the prime factors of 22901?
22901
What are the prime factors of 19379?
19379
List the prime factors of 10244.
2, 13, 197
List the prime factors of 2462.
2, 1231
List the prime factors of 1065.
3, 5, 71
List the prime factors of 7852.
2, 13, 151
List the prime factors of 18128.
2, 11, 103
What are the prime factors of 47143?
47143
List the prime factors of 3094.
2, 7, 13, 17
What are the prime factors of 711?
3, 79
List the prime factors of 133846.
2, 66923
List the prime factors of 593.
593
What are the prime factors of 17687?
23, 769
What are the prime factors of 4247?
31, 137
List the prime factors of 21276.
2, 3, 197
What are the prime factors of 4188?
2, 3, 349
List the prime factors of 15667.
15667
List the prime factors of 914.
2, 457
List the prime factors of 1249.
1249
What are the prime factors of 126931?
7, 18133
What are the prime factors of 98654?
2, 107, 461
What are the prime factors of 53?
53
What are the prime factors of 254?
2, 127
What are the prime factors of 48031?
43, 1117
What are the prime factors of 2740?
2, 5, 137
What are the prime factors of 10245?
3, 5, 683
List the prime factors of 182.
2, 7, 13
What are the prime factors of 43606?
2, 21803
List the prime factors of 38452.
2, 9613
What are the prime factors of 14889?
3, 7, 709
What are the prime factors of 393?
3, 131
What are the prime factors of 3710?
2, 5, 7, 53
What are the prime factors of 8304?
2, 3, 173
List the prime factors of 421.
421
What are the prime factors of 135735?
3, 5, 9049
What are the prime factors of 2588?
2, 647
What are the prime factors of 1069?
1069
List the prime factors of 1943.
29, 67
List the prime factors of 170116.
2, 71, 599
What are the prime factors of 613?
613
List the prime factors of 3134.
2, 1567
What are the prime factors of 2764?
2, 691
List the prime factors of 3985.
5, 797
List the prime factors of 302.
2, 151
List the prime factors of 3689.
7, 17, 31
What are the prime factors of 6475?
5, 7, 37
What are the prime factors of 3349?
17, 197
What are the prime factors of 57?
3, 19
What are the prime factors of 7388?
2, 1847
List the prime factors of 1202.
2, 601
List the prime factors of 7480.
2, 5, 11, 17
List the prime factors of 14666.
2, 7333
What are the prime factors of 4043?
13, 311
What are the prime factors of 140739?
3, 43, 1091
What are the prime factors of 1970?
2, 5, 197
List the prime factors of 1848.
2, 3, 7, 11
What are the prime factors of 17800?
2, 5, 89
What are the prime factors of 68113?
68113
List the prime factors of 316.
2, 79
List the prime factors of 31562.
2, 43, 367
What are the prime factors of 8123?
8123
List the prime factors of 27743.
27743
What are the prime factors of 941?
941
What are the prime factors of 84815?
5, 16963
What are the prime factors of 386?
2, 193
What are the prime factors of 22902?
2, 3, 11, 347
List the prime factors of 29753.
29753
List the prime factors of 69000.
2, 3, 5, 23
What are the prime factors of 14825?
5, 593
List the prime factors of 31386.
2, 3, 5231
What are the prime factors of 88755?
3, 5, 61, 97
What are the prime factors of 294?
2, 3, 7
List the prime factors of 4477.
11, 37
What are the prime factors of 10853?
10853
What are the prime factors of 31539?
3, 10513
List the prime factors of 3647.
7, 521
List the prime factors of 530.
2, 5, 53
List the prime factors of 832.
2, 13
What are the prime factors of 78108?
2, 3, 23, 283
List the prime factors of 3128.
2, 17, 23
What are the prime factors of 1975?
5, 79
List the prime factors of 20212.
2, 31, 163
What are the prime factors of 522?
2, 3, 29
What are the prime factors of 64225?
5, 7, 367
List the prime factors of 45248.
2, 7, 101
What are the prime factors of 38611?
38611
What are the prime factors of 3242?
2, 1621
List the prime factors of 5721.
3, 1907
What are the prime factors of 1445?
5, 17
List the prime factors of 6382.
2, 3191
What are the prime factors of 19465?
5, 17, 229
What are the prime factors of 1760?
2, 5, 11
List the prime factors of 27115.
5, 11, 17, 29
List the prime factors of 191.
191
What are the prime factors of 22911?
3, 7, 1091
What are the prime factors of 16117?
71, 227
List the prime factors of 1365.
3, 5, 7, 13
What are the prime factors of 1801?
1801
What are the prime factors of 153641?
153641
List the prime factors of 864.
2, 3
List the prime factors of 10776.
2, 3, 449
List the prime factors of 1872.
2, 3, 13
List the prime factors of 3313.
3313
What are the prime factors of 901?
17, 53
L